 What is w(1)?
-2
Suppose 13*r - 47961 = -48195. Let c(p) = p**3 + 18*p**2 + 5*p + 94. What is c(r)?
4
Suppose 59*f - 77*f = 30 - 120. Let v(t) = -2*t + 1 + 2*t**2 + 2*t - 2*t - 6*t. Give v(f).
11
Let r(i) = -26*i**3 + 2*i + 2*i**2 - 4*i**2 - 3 + 58*i**3 - 30*i**3. Determine r(3).
39
Suppose 22*q + 31*q = -318. Let z(h) = 5*h + 30. Give z(q).
0
Let t be 6/8 + (-2465)/(-580). Let k(g) = -g**3 + 7*g**2 - 11*g + 14. Give k(t).
9
Let o(a) be the first derivative of 3*a**4/4 - 5*a**3/3 - 3*a**2 - 12*a + 4917. Determine o(-3).
-120
Suppose -5*q + 4*r + 39 = 0, 2*r = q - 0*r - 3. Let n(z) = z + 4 - q + 6. Let v be ((-2)/(-4)*2)/(-1). What is n(v)?
-2
Let b = 199 + -124. Let h(t) = -68*t - 5 + 3*t**2 + b*t + 4 - 2*t**2. What is h(-6)?
-7
Let v(p) = -21*p - 16*p + 6*p + 7*p + 15*p + 1. Calculate v(0).
1
Let o(p) = -3*p + 8. Let x(c) = -3*c - 48. Let m be x(-17). Let r be m/(-2) - (88/(-16) + -2). Give o(r).
-10
Let c(i) = i**3 + 4*i**2 + 7*i - 6. Let o(l) = 2*l**3 + 3*l**2 + 7*l - 12. Let m(j) = -3*c(j) + 2*o(j). Suppose -5*n + 38 - 3 = 0. Calculate m(n).
-6
Let a(s) = s. Let t = 16 - 0. Suppose -9*z = -t - 2. Suppose -z*u = 5*b - 8, -b - 12 = -2*u - u. Give a(b).
0
Suppose -65 = 5*v - 15. Let g(r) be the second derivative of r**5/20 + 5*r**4/6 - 4*r**2 - 1286*r. Calculate g(v).
-8
Let p = -24083 + 24077. Let g(s) = -s**2 - 3*s + 8. Calculate g(p).
-10
Let t(w) = -2*w**2 - 20 + 3*w**2 - 18 + 49 - 12. Let h(x) = 4*x**2 - 4 - x + 3*x**2 + 3*x. Let f(j) = h(j) - 6*t(j). Give f(-2).
2
Let d(z) = 420 - 846 + 2*z**2 - 5*z + 3*z + 422. Suppose 0 = 5*o + 3*v - 6*v - 12, -v = -2*o + 5. Give d(o).
8
Let m be (-1 - -3 - 18/12)*0. Suppose m*u + 2*u - 6 = -a, 5*a + 3*u - 23 = 0. Suppose 3*x - 2*x = -2*h + 9, -3*h = -2*x + a. Let k(f) = f**2 - 2*f. Give k(x).
15
Let l(s) = 97*s + 2 + 66*s + 90*s - 216*s. What is l(2)?
76
Suppose 6 = -0*i + 6*i. Let a be (-30)/(-50)*(2 + 13/i). Let y(d) = a*d - 8*d + d. Calculate y(-4).
-8
Let l be (11 - 12)*(-12)/4 - (-1 - 13). Let x(u) = -u**3 + 16*u**2 + 18*u + 3. Calculate x(l).
20
Let g(x) be the first derivative of -11*x**4/4 + x**3 + 3*x**2/2 + 705. Calculate g(-2).
94
Let k(y) be the second derivative of -1/3*y**3 + 98*y + 0 - 2*y**2. Give k(3).
-10
Let d(x) = 22*x**3 - x**2. Suppose w + 64 = 4*k, -8*k + 5*k + 174 = -3*w. Let h = w - -57. What is d(h)?
21
Let h(g) be the third derivative of -g**4/6 - 3*g**3/2 + 8253*g**2. Calculate h(5).
-29
Suppose -i - 6 = g, -5*g - 30 = i - 3*i. Let o(v) = -4*v**2 - 1 + 3*v**2 - 3 - v - v**3. Determine o(i).
-4
Let v(i) be the first derivative of i**4/12 + 2*i**3 + 5*i**2/2 + 119*i + 120. Let j(f) be the first derivative of v(f). Give j(-5).
-30
Let z(l) = 3*l**3 + 24*l**2 + 21*l + 5. Let x(h) = -h**3 - 12*h**2 - 11*h - 3. Let q = 107 - 109. Let v(t) = q*z(t) - 5*x(t). Calculate v(13).
5
Let q(j) = 0*j**2 + 115852*j**3 + 2 - 115851*j**3 - 3*j**2 - 4*j. Give q(5).
32
Let f(l) = -156*l + 77*l - 5 + 80*l. Suppose 0*y - v = -3*y - 8, -3*v + 8 = -5*y. Give f(y).
-9
Let d = 2884 + -2892. Let g(c) = 5*c + 34. Calculate g(d).
-6
Let m(o) be the first derivative of 3*o**2 + 14*o + 479. Give m(-7).
-28
Let z(p) be the second derivative of -p**7/2520 - p**6/80 - p**5/60 - p**4/6 + 2*p**2 + 3*p - 11. Let a(v) be the third derivative of z(v). Determine a(-12).
-38
Let q(b) = 39*b + 32*b - 70*b. Let g(t) = 8*t - 1. Let f(k) = g(k) - 4*q(k). Let s(x) = x**2 + 5*x - 5. Let v be s(-6). Give f(v).
3
Let z(s) = -s - 12. Let h(k) = -k - 13. Let w(a) = 3*h(a) - 4*z(a). Let r(c) = -c - 15. Let l be 2 + -2*65/10. Let q be r(l). Determine w(q).
5
Let c(v) = -2*v**3 - 290*v**2 + 15*v - 4. Let w(t) = -t**3 - 158*t**2 + 8*t - 2. Let s(a) = 6*c(a) - 11*w(a). Give s(0).
-2
Suppose 10*a + 5042 - 5082 = 0. Let q(s) be the second derivative of s**3 - 1/4*s**a - 1/20*s**5 - 7/2*s**2 + 2*s + 0. Calculate q(-5).
13
Let l(x) = x**3 - 5*x**2 + 6*x - 2. Let j = -254 - -260. Suppose -v = -h + 10, -3*h + j*v = 2*v - 35. Calculate l(h).
28
Suppose 5*s - 152 = 3*c - 2*c, 3*s = 2*c + 94. Let d(j) = 9*j - s*j + 9*j + 8*j - 2. What is d(0)?
-2
Let i(p) = 14*p**3 - 32*p**2 - 95*p + 73. Let f(y) = -y**3 + y**2 + 2*y - 4. Let a(m) = 15*f(m) + i(m). Give a(-11).
2
Suppose 3*x - 4*v = 43, 0 = -3*v + v + 4. Suppose 19*a = x*a - 2. Let l(m) = -m + 1. Calculate l(a).
2
Let u(h) = -h**3 + 2*h**2 + h + 4. Let z = -140 + 141. Suppose -9*i + 26 = -z. Calculate u(i).
-2
Suppose 0*r + 2*t = r + 6, -4*t + 16 = -4*r. Let z(y) = y + 23. Let h be z(-17). Let f(g) = 76*g - h*g**2 + 1 + g**3 + 7*g**2 - 73*g + 3*g**2. What is f(r)?
3
Let o(w) = -w + 5. Let f be o(4). Let q be 266/35 - (-6)/15. Let n(a) = -2*a**2 + a + q + 15 - 23. Calculate n(f).
-1
Suppose -3*g = 5*l - 0*l - 23, 2*g - 2*l + 6 = 0. Let r be (-52)/(-13) + g*-15. Let k be 15 + r - (1 + -2). Let c(u) = 5*u - 4. Give c(k).
21
Let a = -3 - -4. Let c(j) = j**2 - 323*j**3 - 180*j + 324*j**3 + 181*j. Let w(z) = -8*z**2 - 11*z + 5. Let b(i) = a*c(i) + w(i). Calculate b(8).
-11
Let i(v) = -v - 17. Let f(o) = -4*o - 1 + 1 + o**2 - 5 - 4. Let g be f(0). Give i(g).
-8
Let u(y) = y**3 - 13*y**2 - 20*y - 138. Let t be u(15). Let z(h) = -h**3 + 13*h**2 - 14*h + 32. What is z(t)?
8
Let v = -3729 - -3724. Let w(j) = j**3 + 5*j**2 + 5*j + 22. Give w(v).
-3
Let m(z) be the third derivative of -11*z**4/12 + 485*z**3/6 + 14*z**2 - 74. What is m(22)?
1
Let f(l) = 79 - 344 + 8*l + l**2 + 0*l + 113 + 76 + 78. Suppose -2 = 2*x + 8, -4*x - 16 = 2*w. Suppose 0 = -2*b + r - 21, 3*b + 5 + 9 = -w*r. Calculate f(b).
2
Let v(a) = 3*a + 14. Let g = 16542 - 16532. Calculate v(g).
44
Suppose 16*i = 13894 - 14070. Let j(c) = c**3 + 11*c**2 - 2*c - 12. Give j(i).
10
Let k(f) = 13*f - 18. Let y be k(-8). Let v = 125 + y. Let b(a) = 2*a + 4*a**2 + 28 - 32*a**v + 31*a**3 - 32. What is b(4)?
4
Let a(r) be the second derivative of 0 - 3*r + 1/12*r**4 - 3/2*r**3 - 1/2*r**2. Let b(x) = -x**2 + 5*x + 22. Let j be b(7). Calculate a(j).
-9
Let l(r) = -8591 + 4284 + 4384 - 35*r. Give l(2).
7
Let k(w) = -w**2 - 16*w - 16. Let m be k(-15). Let a(z) = 2*z - 1 + z + 40*z**2 - 4*z + 0*z. What is a(m)?
40
Let x(t) = 63*t - 1495 - 1474 + 2970. What is x(-1)?
-62
Let o(j) = j**3 + j**2 - 5*j - 13. Let s(k) = -97*k + 4074. Let d be s(42). Calculate o(d).
-13
Let n(h) = 8*h + 357 + 10*h - 7*h + 49. Determine n(-36).
10
Let b(p) be the first derivative of p**3/3 - 21*p + 14. Let f be b(5). Suppose -3*r - f*r = 0. Let z(c) = c**2 + 21. Determine z(r).
21
Suppose 105 = -4*t - 4*c + 97, c + 20 = -4*t. Let h(s) = 2*s**2 + 24*s + 73. Give h(t).
1
Suppose 71*l + 1 = -39 + 40. Let h(c) be the second derivative of c**4/12 - c**3/6 - 25*c**2/2 + c. Give h(l).
-25
Suppose 4*k = 4*d + 52, -2*d - 6*k + 4*k - 42 = 0. Let m = d - -20. Let u(c) = -2*c - 2. Give u(m).
-8
Suppose 3 - 7 = c, 2*c + 16 = -2*u. Let s(r) be the second derivative of r**3/3 - 5*r**2/2 - 3082*r. Determine s(u).
-13
Let s(k) = k**3 - 7*k**2 - 4*k - 9. Let v = 4345 + -4338. Give s(v).
-37
Let y(m) be the third derivative of -m**6/120 - 2*m**5/15 - 3*m**4/8 + 5*m**3/6 + 4703*m**2. What is y(-7)?
19
Let k(i) = -53*i - 21. Let j(b) = 501*b + 189. Let n(o) = 4*j(o) + 38*k(o). Calculate n(-6).
18
Let r(x) = -8*x**3 - 2*x**2 - x**2 - x**2 + 15*x**2 + 6*x**3 + 5*x + 2. Calculate r(6).
-4
Let m be -9 + (5 - -3) + 4. Let s(c) = -148 - 4*c + 0*c + 149 - m*c. Calculate s(-1).
8
Let k(r) be the third derivative of -r**4/12 + 5*r**3/6 + 6*r**2 + 5*r. Determine k(3).
-1
Let c(q) = -17*q - 87. Let s(y) = 19*y + 87. Let g(b) = 7*c(b) + 6*s(b). What is g(-14)?
-17
Let y(l) be the second derivative of 13*l**3/6 - 5*l**2/2 + 21*l - 2. What is y(-2)?
-31
Let b(t) = -247 + 102 + 145 - t. What is b(-12)?
12
Let h(t) = 11*t**3 + 32*t**2 - 31*t - 7. Let y(u) = -5*u**3 - 14*u**2 + 14*u + 3. Let z(l) = -4*h(l) - 9*y(l). What is z(5)?
66
Let r(y) be the third derivative of 0*y**3 - 26*y**2 - 5/4*y**4 + 1/120*y**5 - 1/144*y**6 + 0*y + 0. Let v(c) be the second derivative of r(c). Determine v(4).
-19
Let t = 4 + 21. Suppose t*p - 22*p = -27. Let x(q) be the first derivative of q**3/3 + 11*q**2/2 + 11*q - 67. Calculate x(p).
-7
Let n = 13584 - 13580. Let x(v) = -v - 18. Determine x(n).
-22
Suppose -12*r - 52 = -16. Let o(j) = j**3 - 6*j**2 - 3*j. Let s(y) = y**3 - 6*y**2 - 3*y + 1. Let x(n) = r*o(n) + 4*s(n). Dete